git of t?
7
Let f(m) = -4509*m + 6155. What is the ten thousands digit of f(-12)?
6
Suppose -25*b + 14*b + 209 = 0. Let n = b + 29. What is the units digit of n?
8
What is the tens digit of (20 - -1072)/(9/78)?
6
Let u(q) = 88*q**2 - 106*q + 54. What is the tens digit of u(20)?
3
Let b(p) = -15*p + 21. Let f be b(8). Let d be (-11)/f + (1 - 844/(-18)). Suppose 0 = -v - 4*n + d + 119, 5*v - 852 = -3*n. What is the tens digit of v?
7
Let m(u) = -u**2 - 4*u + 27. Let v be m(-7). Suppose 3*t - 18 = v*t. What is the units digit of (4 + -2)/(t/(-597))*1?
9
Let g(j) = 3*j**2 - 5*j - 6. Suppose -t - 4 = -7. Suppose -t*a = 5*d - 7, -3*a + 2*d - 3 = 4. What is the units digit of g(a)?
2
Let q(w) = w**3 + 11*w**2 + 7*w + 19. Let v = 40 - 48. What is the tens digit of q(v)?
5
Let j(n) = -21*n + 6 + 0 + 6*n - n**2. Let h be (-4680)/728 + 9/21. What is the units digit of j(h)?
0
Let g(w) = w**3 + 2*w + 119. Let c be g(0). Suppose -6*a - c = a. Let b = a + 52. What is the tens digit of b?
3
Let o = 126 - 124. Suppose 5*r + 16 = r - 2*h, -2*h = o*r + 4. What is the hundreds digit of (-4 - -3)/(r/984)?
1
Suppose g = 50*s - 49*s - 17, 4*s = g + 71. Suppose -6696 = -s*x + 6372. What is the units digit of x?
6
Let c(i) = 6*i**3 - i**2 - i + 2. Let a be c(1). Suppose 21*r = 19*r - a, 2*r = 2*d - 190. What is the units digit of d?
2
What is the hundreds digit of 87666/(-4)*140/(-210) + -1?
6
Suppose -q - 3*a - 10 = -4*a, 0 = 2*q - 3*a + 21. Let g be (-3)/q - ((-1310)/(-15) + -1). Let u = g - -95. What is the units digit of u?
9
Suppose 163*n - 48768 = 151*n. What is the tens digit of n?
6
Let n = -345 + 7058. What is the thousands digit of n?
6
Let m(w) = w**3 + 13*w**2 + 10*w - 24. Let j be m(-12). Let l(z) = -z**2 + 7*z + 627. What is the units digit of l(j)?
7
Let c(d) = -300*d + 1676. What is the thousands digit of c(-50)?
6
Let c = -160 + 235. Suppose -9*y - c = -4935. What is the tens digit of y?
4
Let c(u) = u - 2. Let j be c(4). Let h(n) = -3 + 0 + 4 + 19*n + j. What is the units digit of h(4)?
9
Suppose -5641 = -3*x + 2*n + 6071, -2*x = 5*n - 7789. What is the units digit of x/5 + -1 + 141/235?
0
Suppose 0 = 3*j + 12*p - 14*p - 22994, -2*j + 15326 = -2*p. What is the units digit of j?
8
Let z(h) = -3*h**2 - 111*h + 7848. What is the hundreds digit of z(0)?
8
Suppose 5*b + 13*b = -5*b + 81213. What is the hundreds digit of b?
5
Let d(y) = y + 101. Let g be d(0). Suppose -w - g = -4*k, k + 5*w = -k + 23. Suppose 2*a - k = -0*a. What is the tens digit of a?
1
Let h = -859 - -479. What is the tens digit of ((80/25)/(-8))/(2/h)?
7
Let u = 19 + -24. Let h be (-5)/(u/6)*245. Suppose 2*w = -5*w + h. What is the hundreds digit of w?
2
Let b = -40799 - -112391. What is the thousands digit of b?
1
Let u(l) = -3*l - 3. Suppose 1 = 3*m + 7. Let j be u(m). Suppose 0 = 5*y - 5*h - 25, -y + j*y = 4*h + 12. What is the units digit of y?
4
Let o = 1103 - -87. Suppose 19*q - 29*q = -o. What is the hundreds digit of q?
1
Suppose 0 = 27*h - 32*h - 20. Let m = -1 - h. Suppose o + m*o - 380 = 0. What is the tens digit of o?
9
Let v be 6/10*(-1 + (-13)/(-3)). Suppose v*b - 3*q - 70 = 0, 1 = -q + 3. What is the tens digit of b?
3
Suppose -22*b = -3165 - 971. Let k = -12 - -122. Let a = b - k. What is the units digit of a?
8
Let w(r) = 2*r + 22 - r**2 + 8*r - 12. Let m be w(10). What is the units digit of 186/4 + m/20?
7
Let g = 11062 - 6467. What is the thousands digit of g?
4
Let v(p) = 0 + 0*p + 11*p + 4. Let c be -5 + 7 + -5 - -7. What is the units digit of v(c)?
8
Let p = 152 + -142. Let y(k) = 32 - 8*k + 23*k - 15*k - p*k. What is the tens digit of y(-15)?
8
Let o(g) = g. Let l(r) = -14*r - 1. Let i(x) = -1. Let n(z) = -4*i(z) - l(z). Let k(s) = n(s) - 6*o(s). What is the tens digit of k(1)?
1
Suppose -5*r - 103005 = -5*p, -2*p + 32657 = 2*r - 8553. What is the ten thousands digit of p?
2
Let d = -23 - -19. Let u be (-27)/d - 1/(-4). Let s = 25 - u. What is the units digit of s?
8
Let a(x) = -x + 10. Let s be a(8). Suppose s*b - 551 = 3*o, -b = -4*o + 79 - 352. What is the units digit of b?
7
Let g(a) = 14*a**2 - 10*a - 54. Let j = -51 - -46. What is the hundreds digit of g(j)?
3
Suppose -5*f - 2 = -4*q, 2*q = -f - 5 + 13. Let i be (7 - 41)*(f - 3). What is the units digit of 36/(-84) + i/14?
2
Let h(w) = -4*w**3 - w**2 - 40*w - 56. What is the units digit of h(-24)?
4
Let v be (96/9)/(-5 - (-34)/6). What is the units digit of v/4*(5 - 599/(-4))?
9
Let l(t) = t**3 + 4*t**2 - 8*t + 14. Let k be l(-6). What is the tens digit of (4424/16 - 4)*(-12)/k?
2
What is the units digit of (-150)/(-45)*(93 + 2)*12?
0
Let f = -69 - -72. Suppose -f*c - 294 = -3*y, -3*y = c - 11 + 93. What is the units digit of (28/(-98) - c/(-14))*-1?
7
What is the tens digit of 56/(-4) + 8 + (0 - -10300)?
9
Let s(a) be the second derivative of a**4/12 - 5*a**3/6 + 7*a**2/2 + 13*a. Let f be s(-4). Let v = f + -36. What is the units digit of v?
7
Let c(x) = 36*x**2 + 9*x + 16. Let v(t) = 36*t**2 + 8*t + 15. Let m(b) = 5*c(b) - 4*v(b). What is the units digit of m(-4)?
4
Let o = -121652 - -173946. Let u = -21582 + o. What is the units digit of u/165 + (-2)/15?
6
What is the thousands digit of (-49)/2*1111512/(-1218)?
2
Suppose 0 = -4*g + 16, -2*r - 2*g = -3*g - 22. Let u be -5 + 13/(r/54). Suppose -175 = -7*j + u. What is the units digit of j?
2
Let j be (-8)/32 + 1223/(-4). Let w = 462 - j. What is the units digit of w?
8
Let k(q) = -46*q**3 - 60*q**2 - 8*q - 55. What is the hundreds digit of k(-5)?
2
Let q be (-2)/(-15)*3 - 2607/5. Let i = 783 - q. What is the units digit of -1*(-1)/(4/(i/2))?
3
Let x be (0 - 4/(-6))*(-42)/28. What is the units digit of -27 - -354 - (6 + x)?
2
Let y(v) = v**2 + 19*v - 37. Let l be y(-21). Suppose -l - 23 = -4*b. What is the units digit of -2 + b + -1 + 248?
2
Let n(y) = 2*y**3 + y**2 - 3*y + 2. Let s(f) = -2*f**3 + 3*f - 2. Let x = 50 + -47. Let k(q) = x*s(q) + 4*n(q). What is the units digit of k(3)?
3
Let f = -10 - 3. Let r = f - -15. What is the units digit of 6/r - (-24 + 6)?
1
Suppose -2*g + 8 = 0, -76*a + 3*g = -79*a + 5079. What is the thousands digit of a?
1
Suppose 38*s = 49 - 163. What is the hundreds digit of (36/90)/(s/(-7440)*2)?
4
Let p = 71 - 60. Suppose 11*x - 1584 = -p*x. What is the tens digit of x?
7
Suppose 5*d - 995 = -2*i - 4372, 4*i + 2*d + 6730 = 0. Let c = i - -2536. What is the hundreds digit of c?
8
Let s(v) = -v**3 + v**2 + 2*v - 2. Let t be s(2). Let n be ((-12)/(-15)*(-1458)/(-216))/(3/(-10)). What is the units digit of 12/t*153/n?
1
Let k(c) = 2*c**2 + c - 4. Suppose 26*m - 10 = 31*m. Let s be k(m). Suppose z + 4*z + 5*p - 275 = 0, 5*z = s*p + 310. What is the units digit of z?
0
Let z = 11310 + -6294. What is the units digit of z?
6
Suppose 14242 = 3*a - 4*l - 6441, 0 = -3*a + 2*l + 20675. What is the tens digit of a?
8
Let l = 1142 + -757. Let i = l - -22. What is the hundreds digit of i?
4
Let m = 7103 - 5083. What is the thousands digit of m?
2
Let i(b) = -146*b - 24. Let d be i(-1). Suppose d*s = 116*s + 5442. What is the hundreds digit of s?
9
Suppose 2*d + 4*d + 312 = 0. Let v = d + 57. Suppose 5*x + 15 = 0, v*k - 4*x = 21 + 441. What is the tens digit of k?
9
Let d be (-3)/(-2)*40/30. Suppose 0 = -d*p - 0*p + 50. Suppose y - 13 - p = 0. What is the units digit of y?
8
Let o = 72 - 6. Let u = 68 - o. Suppose 2*c - 339 = -c - 4*a, 452 = 4*c + u*a. What is the tens digit of c?
1
Suppose -3*z - m = -2*m + 61, 0 = -5*z - 4*m - 130. Let r = 29 + z. Suppose -2*w = -5*o - 5, o = 2*w - 2 - r. What is the units digit of w?
5
Let a(t) = 3*t**3 - 3*t**2 + 4*t + 1. Let r be a(2). Suppose -14*g = -7*g - r. Suppose 40 = -g*k + 238. What is the units digit of k?
6
Let i(n) = 454*n**2 + 89*n - 3. What is the thousands digit of i(-6)?
5
Let a(p) = 2*p**2 - 17*p + 1. Let o be a(9). Let n be 17 - (1/(-1))/(o/(-20)). Suppose v + k - 6 = 0, -7*k + 2*k = 2*v - n. What is the units digit of v?
5
Let x = -2324 - -6759. What is the tens digit of x?
3
What is the ten thousands digit of 6473810/345 - 1/(-3)?
1
Let v = -9080 - -15114. What is the thousands digit of v?
6
Let j = 173 + -42. Let q = j - -16. Let h = 259 - q. What is the units digit of h?
2
Suppose -2*d = z - 38, 8*z - 10*z = 5*d - 78. Suppose 37*q - 4437 = z*q. What is the thousands digit of q?
